se 4*u + 163 - 227 = 0. Suppose 0 = 18*y - u*y - 170. What is the units digit of y?
5
What is the tens digit of (-207144)/(-154) - (-5)/(-55)?
4
Let m be 5/(-5)*-2 - -159. Suppose x - m = 5. What is the units digit of x?
6
Let s be (-6)/((-146)/210 - (-16)/24). Let x = s - 36. What is the tens digit of x?
7
Let k be 3 - 1*(1 - 3). Let y(g) = -g**2 + g + 1. Let x(p) = -5*p**2 + 5*p + 10. Let f(m) = -x(m) + 4*y(m). What is the units digit of f(k)?
4
Suppose 0 = 2*b - 65 - 61. Suppose 0 = -q - 2*o + 44, 0*o + 212 = 5*q + 2*o. Let y = b - q. What is the tens digit of y?
2
Suppose -6*c = -2*c - 16. Suppose 2 = -u + c. Let o(v) = 2*v**3 + 2*v**2 - v - 2. What is the units digit of o(u)?
0
Suppose -2*n = 5*o - 0*n - 212, -2*o = n - 85. Let p = -20 + o. Let d = 12 + p. What is the tens digit of d?
3
Let u = 9 + -8. Let k(t) = -t - 2. Let n be k(-3). Let o = n + u. What is the units digit of o?
2
Suppose 4*z = z + 15. Let j(m) = m**2 - 12*m + 3. Let h be j(12). Suppose -2*c - 85 = -z*s, 0 = s - 4*c - h + 4. What is the units digit of s?
9
Let a(f) = 2*f**2 - 11*f + 13. Suppose -4 = 4*v, -4*w - v + 36 = -3. What is the hundreds digit of a(w)?
1
Let r = 560 + -395. What is the tens digit of r?
6
Let g be (-238)/10 - 3/15. Let m = g + 29. Suppose -h = -5*z + 116, m*z - 3*h + 0*h = 108. What is the units digit of z?
4
Suppose m + 64 = -25. Let z = m + 213. Suppose -y = 4, -8*g = -4*g + y - z. What is the tens digit of g?
3
Suppose 6*y - 2*y + 176 = 0. Let u = -34 - y. What is the tens digit of u?
1
Suppose 0 = 6*d - 11*d + 1825. What is the units digit of d?
5
Suppose 973*f = 979*f - 6432. What is the thousands digit of f?
1
Let f = 5746 + -3315. What is the thousands digit of f?
2
Let q be ((-1)/2)/((-1)/16). Let v(o) be the first derivative of o**2/2 + 2*o + 10. What is the units digit of v(q)?
0
Let t be 0 + 4 + (4 - 3). Let d be 1 + -1 + (14 - t). What is the tens digit of (-1 - 14)/(d/(-12))?
2
What is the thousands digit of 3002/3 - (-18)/(-27)?
1
Let j = -551 + 380. Let i be (-1)/(-5) + (-24)/(-30). What is the tens digit of (j/18)/(i/(-2))?
1
Suppose -536*x = -533*x - 1713. What is the units digit of x?
1
Let f(v) be the third derivative of v**5/60 + 7*v**4/24 - 2*v**3 - 10*v**2. What is the tens digit of f(-13)?
6
Suppose y - 5*o + 102 = -3*y, -4*y + o = 110. What is the units digit of (-2 - (-60)/2)*(-35)/y?
5
Let b be (-20)/(80/(-36) + 2). Let j = -12 - -19. Suppose j*c = 4*c + b. What is the tens digit of c?
3
Suppose -6 = -2*o + 3*q, 5*q - 4 + 14 = 2*o. Suppose o = 133*t - 130*t - 18. What is the units digit of t?
6
Suppose 3*z + 168 = -5*k, 3*k + 3*z + 100 = 2*z. What is the tens digit of (22/k)/(2/(-195))?
6
Suppose -u + w + 1544 - 354 = 0, 5*w + 5 = 0. What is the hundreds digit of u?
1
Let b(w) = -48*w + 8. What is the units digit of b(-11)?
6
Let m(a) = -238*a - 61. What is the hundreds digit of m(-16)?
7
Let f(x) = x + 124 + 0*x - 114. Let q be f(0). Suppose -5*k - 2*c = -c - 293, 5*c = -q. What is the units digit of k?
9
Suppose 4*w = -w + 25. Suppose -w*z = -8*z + 276. What is the units digit of z?
2
Let g(l) be the third derivative of l**6/24 - l**4/24 + l**3/3 - l**2. Suppose 2*w - 2*z = 6, 0 = 2*w + 5*z + 1. What is the units digit of g(w)?
0
Let o be ((-2)/6)/((-2)/18). Let x be (-2 - (-3 - o)) + -4. Suppose x*b = 2*b - 80. What is the tens digit of b?
4
Let n(d) = 2*d**2 - 19*d. Let g be n(9). Let p(x) = x**2 + 2. What is the tens digit of p(g)?
8
Let j be (-1)/(1/(-2)) + 31 + -26. Suppose 3*o + j*o - 790 = 0. What is the units digit of o?
9
Let m = -7 - -3. Let o be -2*((m - -3) + 3). What is the units digit of o/(-14) + (-2691)/(-63)?
3
Suppose 3*i = 4*i - p - 17, p - 7 = -i. Let j = i - 6. Suppose -3*k + 5*h + 12 = 0, -j*k + k = 3*h - 54. What is the units digit of k?
9
Let g be (16 + -14)*7/2. What is the hundreds digit of 7/(g/138) + -1?
1
Suppose 3*c - 340 = -4*j, -5*j - c + 428 - 14 = 0. What is the units digit of j?
2
Suppose 2*d + 2*c - 2274 = 0, 10*c - 4550 = -4*d + 8*c. What is the units digit of d?
8
Suppose -3*u = 5*y - 476, -3*y - 2*y + 2*u = -491. Suppose -3*o + y = 2*z + 2*o, 3*z + 3*o - 123 = 0. Suppose z = 4*d - 2*d. What is the tens digit of d?
1
Let j = 5 - 0. Suppose 4*p - 33 = 4*i - 9, 4*p - 2*i = 16. Suppose -j*l - 3*y = -109, p = -3*l + y + 73. What is the tens digit of l?
2
Suppose -2*r + 363 + 241 = 0. What is the hundreds digit of r?
3
Let f(n) = 7*n + 1. Let x be f(1). Suppose -4*u - 163 = -5*r - x*u, 2*r - 58 = -4*u. What is the units digit of r?
5
Suppose -6*y - 6*y = -3636. What is the tens digit of y?
0
Let y = 33 - 9. Suppose 2*a - 5*f - 54 = 0, -y = -2*a + 3*f + 22. What is the units digit of a?
7
Let t be 4*(2 + 3/(-2)). Suppose -a + 13 = 2*a - v, -3*a + t*v = -17. Let q(n) = 3*n**2 - 6*n - 4. What is the units digit of q(a)?
5
Let z be (3*(-10)/(-6))/((-1)/4). What is the units digit of (-504)/(-10) + 8/z?
0
Let s(j) = j**3 + j**2 - j - 1. Let f(l) be the first derivative of l**4 - 7*l**3/3 - 15*l + 4. Let q(x) = f(x) - 3*s(x). What is the units digit of q(10)?
8
What is the hundreds digit of 6/(-18) - 5366/(-6)?
8
Let a = -3 + 3. Let z = -31 + 33. Suppose -m - 4*y + 5 = 0, -3 + a = -m - z*y. What is the units digit of m?
1
Suppose 5*y - s - 18 - 11 = 0, 0 = 4*y + 4*s - 28. What is the units digit of ((-8)/y)/(20/(-660))?
4
Let n(c) = -8*c**3 - 7*c**2 - 6*c + 2. What is the units digit of n(-3)?
3
Let r(c) = 7*c + 5. Let b be ((-2)/(-2))/(3/9). Suppose 1 = k - b. What is the units digit of r(k)?
3
Suppose -4*y - 2*i = -28, -3*i = y + 4 - 1. Suppose 7*l = y*l - 42. What is the tens digit of l?
2
Let v be 6/27 - 64/(-36). Suppose -u - 1 = -v, 0 = -a - 3*u + 20. Suppose -5*g = -78 - a. What is the tens digit of g?
1
Let k(q) = 2*q**2 - 3*q - 28. Let n be k(12). Suppose 0 = -4*i + b + n, 3*i + 3*b - 168 = -0*i. What is the tens digit of i?
5
Let k(c) = 73*c**2 - 18*c - 31. Let g be k(-5). Let o = -49 - -71. What is the units digit of g/44 - (-4)/o?
3
Suppose 0 = -134*d + 129*d + 1170. What is the hundreds digit of d?
2
Let a(h) be the first derivative of -8*h**2 + h + 2. Let w be a(-2). Suppose w = -y + 4*y. What is the tens digit of y?
1
Suppose -4*s + 0*h - 8 = -5*h, -2*h = 0. What is the units digit of (12/(-24))/(1/s)?
1
Suppose -4*s + i = -20, -i - 4 = 3*s + 3*i. Let m(o) = o**2 - 5*o**3 + s*o**3 + 6 + 4*o**2 + o**2 + 7*o. What is the tens digit of m(6)?
4
Let y(u) = -u**2 - 2*u - 27. Let o be y(0). Let q = o - -140. What is the tens digit of q?
1
Let w(m) = m**2 + 2*m. Let q be w(2). What is the units digit of 184/3 - q/(-12)?
2
Let f(q) = -q - 6*q**2 + 0*q - q - 9 + 4*q + q**3. Let t be f(6). Let m = 4 - t. What is the units digit of m?
1
Let o be (-30)/(-9)*15/10. Let z(i) = 3*i**2 + i + 1. What is the units digit of z(o)?
1
Let b = -5 + 10. Suppose b*i - 280 = i. Suppose i = 7*z - 2*z. What is the tens digit of z?
1
Suppose -425 = -3*p + 43. Suppose -6*w + p = -0*w. What is the units digit of w?
6
Let v be (-24)/(-8) + 1/(-1). Let f(h) = h - 2 - 3*h**2 - 2 + v + 5*h**3. What is the tens digit of f(2)?
2
Suppose 2*z = -4*u + 2568, 929 - 305 = u + 5*z. What is the units digit of u?
4
Let z(x) = 70*x**3 + x**2 + 2*x - 1. Let q(j) = j**3 - j**2. Let u(v) = 2*q(v) + z(v). Let p be u(1). Suppose -p = -h - 2*h. What is the units digit of h?
4
Let u = -25 + 28. Suppose -2*x = u*s - 7*x - 60, 4*s = -5*x + 45. Suppose 0*m - s = 3*m, 2 = 2*h + 4*m. What is the tens digit of h?
1
Let b = -734 - -2902. What is the hundreds digit of b?
1
Let r(w) = -w**2 + 12*w - 22. Let q be (-2)/(-4)*(3 - 9). Let s be (-28)/q - (-5)/(-15). What is the units digit of r(s)?
5
Suppose -9*t = -893 + 20. What is the units digit of t?
7
Suppose 2*f - 7*f - 88 = -4*d, 3*d = f + 55. Let b(o) = 2*o**2 - o + 7. Let c be b(3). Suppose -d*h = -c*h + 95. What is the units digit of h?
9
Suppose -3*l + 245 = 2*l. Let u = l + 19. What is the tens digit of u?
6
Suppose 0 = -3*m + k + 14, -25 = -3*m - m - 5*k. Let a = 7 - m. Suppose -32 = -a*i - 3*n, -4*i - 3*n + 81 = 11. What is the tens digit of i?
1
Suppose 0*u + 3*u = 5*w - 47, 5*w - 2*u - 43 = 0. Let d = w + -5. Suppose 8 = -d*m + 22. What is the units digit of m?
7
Suppose -t + 27 = -4*d, -d = -3*t + 81 + 33. Let c = t - 73. Let y = 18 - c. What is the tens digit of y?
5
Let 